ine p(109).
20
Let h(j) = 210*j**2 + 29821*j + 144. What is h(-142)?
2
Let l(v) = -21*v**2 + 606*v - 3622. Determine l(6).
-742
Let f(c) = 3*c**3 + 753*c**2 - 5*c - 1199. Give f(-251).
56
Let s(h) = 13*h**2 + 714*h - 4749. Calculate s(6).
3
Let f(y) = -256*y - 1051. Determine f(-5).
229
Let i(r) = 59*r**2 + 149*r + 18. What is i(-5)?
748
Let l(j) = 750328*j + 4501979. Determine l(-6).
11
Let w(f) = -491*f + 44449. Give w(90).
259
Let i(n) = 7526*n - 143035. What is i(19)?
-41
Let x(v) = v**3 + 56*v**2 + 110*v + 18. Determine x(-54).
-90
Let p(y) = 10987*y - 21993. Give p(2).
-19
Let b(p) = -p**3 - 10*p**2 + 27*p + 69. Determine b(-10).
-201
Let m(d) = -6*d**3 - 264*d**2 + 7*d + 371. What is m(-44)?
63
Let m(u) = u**3 - 618*u**2 - 22859*u + 2561. Give m(653).
-51
Let k(z) = -z**3 - 8*z**2 + 113*z + 84. Calculate k(-14).
-322
Let p(t) = 77*t**2 - 357*t + 105. Determine p(10).
4235
Let v(j) = -3*j**2 - 1568*j + 775522. What is v(-833)?
-1
Let g(d) = -28060*d + 1599411. Determine g(57).
-9
Let c(b) = -2706*b**2 - 40606*b - 156. Calculate c(-15).
84
Let c(d) = -d**2 + 9179*d + 91898. Calculate c(-10).
8
Let p(s) = 42406*s**2 + 42301*s - 103. What is p(-1)?
2
Let y(h) = -h**2 + 1838*h - 489351. Give y(323).
-6
Let f(t) = 39222*t**2 + 549091*t - 240. Determine f(-14).
-2
Let m(n) = -71497*n + 857881. Give m(12).
-83
Let d(q) = 4*q**3 - 78*q**2 + 177*q - 35. Give d(17).
84
Let r(m) = -m**3 - 191*m**2 - 276*m - 16398. What is r(-190)?
-58
Let g(y) = 12841*y + 320980. What is g(-25)?
-45
Let c(z) = z**3 - 75*z**2 - 1128*z + 47496. What is c(21)?
-6
Let r(g) = 946*g + 4304. Determine r(-8).
-3264
Let c(q) = -q**3 + 391*q**2 - 4926*q - 23. What is c(13)?
-179
Let f(m) = -20*m**3 - 216*m**2 - 225*m - 2957. Determine f(-11).
2
Let d(k) = -53*k**2 + 274*k + 187. Determine d(11).
-3212
Let t(c) = -102*c**2 + 1386*c - 4178. What is t(3)?
-938
Let b(z) = -2*z**2 + 152*z + 141. Calculate b(71).
851
Let k(m) = -4*m**2 + 679*m - 17964. What is k(33)?
87
Let q(y) = -y**2 - 428*y - 41949. Calculate q(-276).
3
Let q(m) = 16331*m + 195935. Calculate q(-12).
-37
Let k(w) = -w**3 - 470*w**2 - 4595*w + 848. Determine k(-460).
-1452
Let s(h) = -31*h**3 - 13*h**2 + 75*h + 239. Calculate s(-3).
734
Let s(p) = -4*p**3 - 68*p**2 + 438*p - 67. Give s(-22).
-23
Let s(x) = -340*x + 103691. Calculate s(305).
-9
Let b(f) = f**3 + 90*f**2 + 584*f + 63. Determine b(-83).
-186
Let k(u) = -4*u**3 - 456*u**2 + 1876*u - 1460. What is k(-118)?
-44
Let c(j) = -4*j**2 - 233*j + 9208. Determine c(27).
1
Let y(w) = -w**3 + 17*w**2 + 164*w + 551. Calculate y(25).
-349
Let j(m) = 7*m**2 + 406*m + 2925. Calculate j(-50).
125
Let m(p) = -2*p**2 - 31*p + 959. What is m(-31)?
-2
Let b(f) = -2916*f + 370324. What is b(127)?
-8
Let d(m) = 588*m - 2778. Give d(4).
-426
Let f(i) = -46*i**3 + i**2 + 61391*i - 122785. Determine f(2).
-367
Let t(i) = -49*i**2 + 1993*i + 38617. Give t(55).
7
Let c(o) = o**3 + 63*o**2 + 84*o + 2167. Give c(-62).
803
Let l(t) = t**3 - 21*t**2 - 181*t + 2283. What is l(8)?
3
Let d(i) = -139*i**2 - 6538*i - 224. Give d(-47).
11
Let p(m) = -3*m**3 + 886*m**2 + 1769*m - 34. Give p(-2).
-4
Let y(m) = -7526*m - 60728. Give y(-8).
-520
Let n(p) = p**3 + 76*p**2 - 3982*p - 244982. Give n(-90).
-2
Let a(d) = d**2 + 405*d - 48669. Give a(97).
25
Let n(m) = -9009*m**2 - 621638*m - 1174. Determine n(-69).
-1
Let b(r) = 583599*r - 5252381. Calculate b(9).
10
Let a(z) = 5*z**2 - 901*z - 4495. Give a(-5).
135
Let n(y) = y**3 + 56*y**2 - 12442*y - 249. What is n(87)?
-336
Let u(x) = 1108*x - 97418. Give u(88).
86
Let c(i) = -5*i**3 + 664*i**2 + 129*i + 438. Calculate c(133).
-94
Let q(d) = d**2 - 46*d - 6593. Calculate q(-61).
-66
Let x(l) = 109*l - 14464. Give x(142).
1014
Let l(h) = 3284*h + 46689. Determine l(-14).
713
Let d(b) = -532*b + 7920. Determine d(16).
-592
Let p(l) = l**3 + 166*l**2 - 244*l + 15491. Determine p(-168).
35
Let t(g) = g**2 - 783011*g + 1566017. Give t(2).
-1
Let f(w) = -18*w**2 - 4114*w - 56074. Determine f(-214).
-6
Let h(u) = -49*u**2 + 5792*u + 54747. Determine h(127).
10
Let h(c) = -90138*c - 29. What is h(0)?
-29
Let k(m) = m**2 - 6800*m + 584031. What is k(87)?
0
Let x(z) = -z**2 - 1006*z - 16995. Give x(-17).
-182
Let p(m) = 30*m**3 - 4383*m**2 + 444*m - 492. Determine p(146).
384
Let b(o) = -o**3 - 25*o**2 + 76*o - 212. Give b(-23).
-3018
Let s(i) = i**2 + 7*i - 44. Give s(27).
874
Let n(j) = 114*j**3 - 791*j**2 - 61*j + 83. What is n(7)?
-1
Let y(s) = -2829*s + 36802. Give y(13).
25
Let v(w) = -13*w**3 - 151*w**2 - 27*w + 597. Calculate v(-11).
-74
Let i(w) = 51440*w + 2160419. What is i(-42)?
-61
Let i(u) = 555*u**3 + 973*u**2 - 9*u - 17. Give i(-2).
-547
Let a(r) = r**3 + 28*r**2 + 56*r - 247. What is a(-25)?
228
Let p(n) = n**3 + 52*n**2 + 192*n + 1953. Calculate p(-49).
-252
Let j(l) = -3*l**2 + 5482*l - 161758. Calculate j(30).
2
Let l(i) = -55*i**2 + 1319*i - 40. Give l(24).
-64
Let s(y) = -2*y**3 - 1858*y**2 + 5633*y + 38218. What is s(-932)?
6
Let l(j) = j**3 - 57*j**2 + 402*j + 74. Calculate l(8).
154
Let k(r) = -44*r**3 + 11*r**2 - 173*r - 615. Determine k(-3).
1191
Let q(b) = 2*b**3 - 3*b**2 + 16*b - 60. Determine q(7).
591
Let z(k) = -74044*k - 1036554. Calculate z(-14).
62
Let y(j) = -327*j**2 - 1983*j - 300. Determine y(-6).
-174
Let r(q) = 2*q**2 + 48*q - 11200. Calculate r(-83).
-1406
Let m(z) = z**2 + 7385*z + 198734. What is m(-27)?
68
Let z(d) = 15133*d + 166500. Calculate z(-11).
37
Let x(a) = -6*a**3 + 377*a**2 + 40*a + 719. Calculate x(63).
-730
Let h(x) = -516861*x + 3101166. Calculate h(6).
0
Let z(y) = y**2 - 10606*y + 2081194. Give z(200).
-6
Let y(r) = 750*r**2 - 11992*r - 5. What is y(16)?
123
Let i(b) = -b**2 - 57*b - 125. Determine i(-56).
-69
Let l(o) = 743*o + 66554. Give l(-91).
-1059
Let k(a) = a**3 + 641*a**2 + 2651*a + 65613. Give k(-637).
2
Let z(p) = p**3 - 80*p**2 - 52*p - 23854. Calculate z(84).
2
Let i(h) = h**2 + 286*h - 11377. Give i(35).
-142
Let n(j) = -81*j**2 - 1305*j + 20. Give n(-16).
164
Let w(d) = 2*d**2 + 147*d - 1322. Give w(10).
348
Let f(g) = -148241*g - 296447. What is f(-2)?
35
Let q(y) = -1174*y**3 + 8219*y**2 + 21*y - 134. Give q(7).
62
Let j(m) = -24*m + 941. Give j(49).
-235
Let a(z) = -9*z**3 + 80*z**2 - 122*z - 194. Give a(6).
10
Let d(h) = 486*h**2 + 23831*h + 821. Determine d(-49).
-12
Let c(w) = 8*w**2 - 5399*w + 188819. What is c(37)?
8
Let d(g) = 11*g**3 + g**2 - 27*g + 183. Give d(5).
1448
Let i(c) = -6184*c - 59069. Calculate i(-9).
-3413
Let b(j) = 9774*j - 1876612. Determine b(192).
-4
Let n(l) = 28*l**2 + 795*l + 338. Give n(-28).
30
Let c(x) = x**3 - 216*x**2 + 7807*x + 561. Determine c(46).
-37
Let t(j) = 109*j - 1411. What is t(21)?
878
Let d(l) = -4*l**2 + 29*l + 1948. Determine d(26).
-2
Let z(y) = -821096*y + 821096. Determine z(1).
0
Let g(l) = l**3 - 42*l**2 - 103*l + 574. Determine g(44).
-86
Let k(q) = q**3 - 293*q**2 + 879*q - 2599. What is k(290)?
11
Let z(i) = 5*i**3 + 686*i**2 - 550*i + 277. Give z(-138).
1
Let g(p) = -2*p**3 + 100*p**2 - 573*p + 28659. Calculate g(50).
9
Let q(o) = -618*o - 15209. Calculate q(-24).
-377
Let i(z) = -z**3 + 101*z**2 - 477*z - 393. What is i(96)?
-105
Let r(b) = 69*b**2 + 885*b - 129. Determine r(-13).
27
Let r(u) = -142*u - 29129. Give r(-211).
833
Let d(n) = 3*n**2 + 2583*n - 55565. Determine d(21).
1
Let z(g) = -g**2 - 16793*g - 837072. Calculate z(-50).
78
Let m(n) = -4150*n + 95464. Give m(23).
14
Let y(f) = 3*f**2 - 3149*f + 219320. What is y(75)?
20
Let c(d) = 6510*d**2 - 664016*d - 413. What is c(102)?
-5
Let q(w) = w**3 - 10891*w - 32656. What is q(-3)?
-10
Let x(y) = -16785*y + 33577. Calculate x(2).
7
Let j(p) = -791*p**2 - 11108*p - 560. Give j(-14).
-84
Let o(k) = 457*k - 15369. What is o(32)?
-745
Let v(g) = 1656*g - 4974. Determine v(3).
-6
Let h(j) = -10*j**3 + 22*j**2 + 15*j + 80. Give h(6).
-1198
Let o(b) = -562*b + 85222. Determine o(150).
922
Let n(d) = d**3 + 91*d**2 - 4250*d + 794. What is n(-125)?
794
Let s(h) = h**3 + h**2 - 2711*h + 8177. Determine s(3).
80
Let a(p) = -276*p**2 - 1251*p + 644. Determine a(-5).
-1
Let z(s) = s**2 - 4537*s + 658052. Give z(150).
2
Let c(i) = 7*i**2 - 19*i - 30. Give c(-3).
90
Let f(g) = -156467*g - 312927. Give f(-2).
7
Let w(m) = 6*m**3 - 13*m**2 - 195*m + 203. Calculate w(1)